of 268 and 38331.
1
Calculate the highest common divisor of 25481 and 31789.
83
Calculate the greatest common factor of 36 and 152986608.
36
Calculate the greatest common factor of 776 and 4317276.
388
Calculate the highest common factor of 15094048 and 88.
8
Calculate the highest common factor of 177625640 and 40.
40
What is the greatest common divisor of 1115 and 253225420?
1115
Calculate the greatest common factor of 378989 and 48152.
13
What is the highest common factor of 482590 and 320?
10
What is the greatest common factor of 1457 and 13403366?
47
What is the highest common factor of 191730521 and 371?
53
What is the highest common factor of 4826412 and 12420?
2484
What is the greatest common factor of 488170 and 137260?
10
Calculate the highest common divisor of 871525 and 8459650.
1775
What is the greatest common divisor of 1460 and 119811688?
292
What is the greatest common factor of 37720 and 918390?
230
Calculate the greatest common divisor of 539 and 17677583.
539
What is the highest common factor of 585 and 10422295?
65
What is the highest common divisor of 23 and 1068281?
23
Calculate the highest common factor of 164664 and 77328.
72
What is the greatest common factor of 10945027 and 2036?
509
What is the greatest common divisor of 14 and 804618?
2
Calculate the greatest common factor of 54199 and 89461.
653
What is the greatest common factor of 629507130 and 84?
42
What is the greatest common divisor of 502078 and 109072?
34
What is the greatest common factor of 121 and 13773430?
121
What is the greatest common factor of 148352 and 13760?
64
What is the greatest common divisor of 98502194 and 19?
19
Calculate the greatest common divisor of 701065712 and 2894.
2894
What is the highest common divisor of 16725 and 12654135?
3345
Calculate the greatest common divisor of 588929 and 753887.
1447
What is the greatest common factor of 36889566 and 6?
6
What is the highest common factor of 23848866 and 2612?
1306
Calculate the highest common factor of 1166 and 25848842.
106
Calculate the greatest common divisor of 2879 and 260892101.
2879
What is the highest common divisor of 6696 and 52472088?
2232
Calculate the highest common factor of 46232828 and 4.
4
Calculate the greatest common divisor of 10 and 6289975.
5
What is the greatest common divisor of 895009056 and 13698?
4566
Calculate the highest common factor of 5944 and 1553021572.
2972
Calculate the highest common divisor of 123 and 257163.
3
Calculate the greatest common divisor of 341 and 287221913.
341
Calculate the greatest common divisor of 57988 and 284599.
763
What is the highest common factor of 239962265 and 745?
745
What is the highest common factor of 276898 and 830?
2
Calculate the greatest common factor of 3064772 and 738868.
4372
What is the greatest common divisor of 13983 and 726384223?
4661
Calculate the highest common divisor of 86735386 and 344.
86
What is the highest common divisor of 44635 and 13275160?
395
Calculate the greatest common factor of 138 and 37910049.
69
What is the greatest common factor of 24 and 243292664?
8
What is the greatest common divisor of 12876090 and 15870?
690
What is the greatest common divisor of 49125060 and 2070?
90
What is the highest common divisor of 3680 and 6492256?
736
Calculate the highest common factor of 480752 and 80.
16
What is the highest common divisor of 7579 and 11693?
11
Calculate the greatest common divisor of 7788 and 93204.
12
What is the greatest common factor of 63 and 178731?
63
What is the highest common factor of 3744 and 3299680?
32
Calculate the greatest common divisor of 20045 and 21109.
19
What is the highest common factor of 4047360 and 48?
48
Calculate the greatest common divisor of 128 and 28075664.
16
Calculate the highest common divisor of 1400 and 5014975.
175
Calculate the highest common divisor of 33842086 and 1172.
586
What is the highest common divisor of 76421808 and 1072?
1072
Calculate the greatest common divisor of 167527 and 395867.
233
What is the highest common divisor of 199651752 and 86?
86
What is the highest common divisor of 132577 and 50072?
569
Calculate the greatest common factor of 10233607 and 29.
29
Calculate the greatest common factor of 2760475 and 450.
25
What is the greatest common divisor of 167231 and 306605?
89
Calculate the greatest common divisor of 27880640 and 8.
8
Calculate the highest common divisor of 12 and 22859346.
6
Calculate the highest common divisor of 308 and 3729418.
154
Calculate the greatest common factor of 29754561 and 8118.
123
Calculate the greatest common factor of 11466 and 100152.
234
What is the highest common divisor of 45 and 8165985?
15
What is the highest common factor of 1329498 and 27?
9
What is the highest common factor of 2116 and 525019804?
2116
Calculate the greatest common factor of 17073 and 4099959.
2439
Calculate the greatest common factor of 47157177 and 5139.
1713
What is the greatest common divisor of 3274886 and 33616?
382
Calculate the highest common factor of 242 and 33900812.
242
Calculate the highest common factor of 334940 and 455.
5
Calculate the highest common factor of 1251351 and 4131.
9
Calculate the highest common divisor of 6694402 and 572.
286
What is the greatest common factor of 822048 and 672?
96
What is the greatest common divisor of 2631751 and 35627?
1549
Calculate the highest common factor of 14393670 and 47760.
5970
Calculate the highest common divisor of 165 and 35290805.
55
Calculate the greatest common factor of 103974 and 21297.
93
Calculate the greatest common divisor of 923842 and 2.
2
What is the highest common divisor of 342 and 12979962?
18
What is the greatest common factor of 1237306395 and 15?
15
Calculate the highest common factor of 40 and 60607400.
40
Calculate the highest common divisor of 14677327 and 35.
7
What is the greatest common divisor of 11586920 and 1295?
185
What is the highest common divisor of 70263 and 243?
9
What is the greatest common factor of 130797 and 81?
9
What is the greatest common factor of 8559 and 446904?
27
What is the highest common factor of 264 and 3992098?
22
Calculate the greatest common factor of 101483270 and 14.
14
What is the highest common factor of 386847762 and 21?
21
What is the greatest common factor of 3860 and 1728440?
20
Calculate the highest common divisor of 144542016 and 27.
27
Calculate the highest common factor of 55645154 and 1199.
109
What is the greatest common divisor of 45 and 7623125?
5
What is the greatest common factor of 35745105 and 713?
23
What is the highest common factor of 5750730 and 41154?
2166
Calculate the greatest common factor of 68200 and 477334.
22
Calculate the greatest common divisor of 723 and 2503749.
723
What is the greatest common divisor of 192386178 and 4131?
1377
Calculate the highest common factor of 241550236 and 1988.
284
What is the highest common factor of 36901781 and 5054?
2527
Calculate the highest common factor of 178239 and 163666.
1121
Calculate the greatest common factor of 180 and 23495460.
60
Calculate the highest common divisor of 8393655 and 30.
15
Calculate the greatest common factor of 47410370 and 15.
5
Calculate the highest common divisor of 34430 and 6.
2
What is the greatest common factor of 58 and 28829567?
29
Calculate the greatest common divisor of 3905942 and 148.
74
Calculate the highest common factor of 510 and 4305454.
34
Calculate the highest common divisor of 1966975 and 2337.
779
What is the greatest common divisor of 7 and 537019?
7
What is the greatest common factor of 2840868 and 180?
36
What is the highest common factor of 78966355 and 65?
65
Calculate the highest common divisor of 949 and 1770031.
73
Calculate the highest common divisor of 866968 and 598688.
2824
Calculate the highest common factor of 66 and 535338111.
33
What is the highest common factor of 13088 and 187168?
32
Calculate the greatest common divisor of 125541 and 37407.
111
What is the highest common factor of 48 and 1614888?
24
Calculate the greatest common factor of 366 and 54879626.
122
Calculate the greatest common divisor of 164667360 and 5280.
5280
What is the highest common factor of 232 and 224136?
8
Calculate the greatest common factor of 1139536 and 46096.
1072
What is the highest common diviso